{"id":605,"date":"2019-12-16T12:38:40","date_gmt":"2019-12-16T12:38:40","guid":{"rendered":"http:\/\/jobs.alltagsentlastung24.de\/job\/?page_id=605"},"modified":"2021-02-16T16:47:15","modified_gmt":"2021-02-16T16:47:15","slug":"impressum","status":"publish","type":"page","link":"http:\/\/jobs.alltagsentlastung24.de\/job\/impressum\/","title":{"rendered":"Impressum"},"content":{"rendered":"\t\t<div data-elementor-type=\"wp-page\" data-elementor-id=\"605\" class=\"elementor elementor-605\" data-elementor-settings=\"[]\">\n\t\t\t\t\t\t<div class=\"elementor-inner\">\n\t\t\t\t\t\t\t<div class=\"elementor-section-wrap\">\n\t\t\t\t\t\t\t<section class=\"elementor-section elementor-top-section elementor-element elementor-element-5d2f078f elementor-section-height-min-height elementor-section-boxed elementor-section-height-default elementor-section-items-middle\" data-id=\"5d2f078f\" data-element_type=\"section\" data-settings=\"{&quot;background_background&quot;:&quot;gradient&quot;,&quot;shape_divider_bottom&quot;:&quot;waves&quot;}\">\n\t\t\t\t\t\t\t<div class=\"elementor-background-overlay\"><\/div>\n\t\t\t\t\t\t<div class=\"elementor-shape elementor-shape-bottom\" data-negative=\"false\">\n\t\t\t<svg xmlns=\"http:\/\/www.w3.org\/2000\/svg\" viewBox=\"0 0 1000 100\" preserveAspectRatio=\"none\">\n\t<path class=\"elementor-shape-fill\" d=\"M421.9,6.5c22.6-2.5,51.5,0.4,75.5,5.3c23.6,4.9,70.9,23.5,100.5,35.7c75.8,32.2,133.7,44.5,192.6,49.7\n\tc23.6,2.1,48.7,3.5,103.4-2.5c54.7-6,106.2-25.6,106.2-25.6V0H0v30.3c0,0,72,32.6,158.4,30.5c39.2-0.7,92.8-6.7,134-22.4\n\tc21.2-8.1,52.2-18.2,79.7-24.2C399.3,7.9,411.6,7.5,421.9,6.5z\"\/>\n<\/svg>\t\t<\/div>\n\t\t\t\t\t<div class=\"elementor-container elementor-column-gap-default\">\n\t\t\t\t\t\t\t<div class=\"elementor-row\">\n\t\t\t\t\t<div class=\"elementor-column elementor-col-100 elementor-top-column elementor-element elementor-element-30e8214c\" data-id=\"30e8214c\" data-element_type=\"column\">\n\t\t\t<div class=\"elementor-column-wrap elementor-element-populated\">\n\t\t\t\t\t\t\t<div class=\"elementor-widget-wrap\">\n\t\t\t\t\t\t<div class=\"elementor-element elementor-element-5df81ee1 elementor-widget elementor-widget-heading\" data-id=\"5df81ee1\" data-element_type=\"widget\" data-widget_type=\"heading.default\">\n\t\t\t\t<div class=\"elementor-widget-container\">\n\t\t\t<h2 class=\"elementor-heading-title elementor-size-default\">Impressum<\/h2>\t\t<\/div>\n\t\t\t\t<\/div>\n\t\t\t\t\t\t<\/div>\n\t\t\t\t\t<\/div>\n\t\t<\/div>\n\t\t\t\t\t\t\t\t<\/div>\n\t\t\t\t\t<\/div>\n\t\t<\/section>\n\t\t\t\t<section class=\"elementor-section elementor-top-section elementor-element elementor-element-68d9005a elementor-section-height-min-height elementor-reverse-tablet elementor-section-boxed elementor-section-height-default elementor-section-items-middle\" data-id=\"68d9005a\" data-element_type=\"section\" data-settings=\"{&quot;background_background&quot;:&quot;classic&quot;}\">\n\t\t\t\t\t\t\t<div class=\"elementor-background-overlay\"><\/div>\n\t\t\t\t\t\t\t<div class=\"elementor-container elementor-column-gap-default\">\n\t\t\t\t\t\t\t<div class=\"elementor-row\">\n\t\t\t\t\t<div class=\"elementor-column elementor-col-100 elementor-top-column elementor-element elementor-element-73b532b7\" data-id=\"73b532b7\" data-element_type=\"column\">\n\t\t\t<div class=\"elementor-column-wrap elementor-element-populated\">\n\t\t\t\t\t\t\t<div class=\"elementor-widget-wrap\">\n\t\t\t\t\t\t<div class=\"elementor-element elementor-element-27d3ff19 elementor-widget elementor-widget-text-editor\" data-id=\"27d3ff19\" data-element_type=\"widget\" data-widget_type=\"text-editor.default\">\n\t\t\t\t<div class=\"elementor-widget-container\">\n\t\t\t\t\t\t\t\t<div class=\"elementor-text-editor elementor-clearfix\">\n\t\t\t\t<h4>Verantwortlich f\u00fcr den Inhalt:<\/h4>\n<p>Alltagsentlastung24 GmbH<\/p>\n<p>D\u00fcsseldorfer Str. 24,<br>51379 Leverkusen<br>Tel. +49 2171 3779 940<br><a href=\"mailto:info@alltagsentlastung24.de\">info@alltagsentlastung24.de<\/a><\/p>\n<p>Gesch\u00e4ftsf\u00fchrende Gesellschafter: <br>Luigi Fornito<br><\/p>\n<p>HRB-NR: 98155, Amtsgericht K\u00f6ln<\/p>\n<h4>Quellenangaben f\u00fcr die verwendeten Bilder und Grafiken:<\/h4>\n<p><span data-t=\"detail-panel-content-author-name\">\u00a9&nbsp;<a href=\"https:\/\/elementor.com\/\">elementor pro<\/a>&nbsp;Lizensiertes Bildmaterial CCO<br><\/span><span data-t=\"detail-panel-content-author-name\">\u00a9 Viacheslav Iakobchuk <a href=\"https:\/\/stock.adobe.com\/de\/images\/professional-doctor-holding-folder\/129287391\">#129287391<\/a>, <\/span><a href=\"https:\/\/stock.adobe.com\/de\/images\/positive-sick-elderly-woman-having-breakfast-in-bed\/129288113\">#129288113<\/a>, <br><span data-t=\"detail-panel-content-author-name\">\u00a9 Andrey Popov <a href=\"https:\/\/stock.adobe.com\/de\/images\/woman-ironing-clothes\/226032955\">#226032955<\/a>, <a href=\"https:\/\/stock.adobe.com\/de\/images\/female-caretaker-playing-chess-with-senior-man\/223717601\">#223717601<\/a>, <a href=\"https:\/\/stock.adobe.com\/de\/images\/close-up-of-a-daughter-s-hand-supporting-her-father\/226035433\">#226035433<\/a>, <a href=\"https:\/\/stock.adobe.com\/de\/images\/man-offering-help-to-his-daughter-carrying-groceries\/226035041\">#226035041<\/a><br>\u00a9 Alfons Ven <a href=\"https:\/\/stock.adobe.com\/de\/images\/accompagnatrice-con-disabile-nel-parco-in-autunno\/296636889\">#296636889<\/a><br>\u00a9 Photographee.eu <a href=\"https:\/\/stock.adobe.com\/de\/images\/close-up-of-tender-gesture-between-two-generations-young-woman-holding-hands-with-a-senior-lady-blurred-background-panorama\/210113313\">#210113313<\/a>&nbsp;<br>\u00a9 <a href=\"https:\/\/www.istockphoto.com\/za\/photo\/the-doctor-and-the-patient-who-is-sitting-on-the-wheelchair-hold-their-thumbs-up-and-gm857751414-144553771\">vadimguzhva<\/a>&nbsp;<br>\u00a9 <a href=\"https:\/\/www.istockphoto.com\/de\/foto\/eine-frau-mit-krebs-sitzt-im-rollstuhl-sie-geht-auf-der-stra%C3%9Fe-mit-ihrer-tochter-und-gm872191096-243630557\">vadimguzhva<\/a>&nbsp;<br><\/span><\/p>\n<p>1. Haftungsbeschr\u00e4nkung<\/p>\n<div>\n<p>Die Inhalte dieser Website werden mit gr\u00f6\u00dftm\u00f6glicher Sorgfalt erstellt. Der Anbieter \u00fcbernimmt jedoch keine Gew\u00e4hr f\u00fcr die Richtigkeit, Vollst\u00e4ndigkeit und Aktualit\u00e4t der bereitgestellten Inhalte. Die Nutzung der Inhalte der Website erfolgt auf eigene Gefahr des Nutzers. Namentlich gekennzeichnete Beitr\u00e4ge geben die Meinung des jeweiligen Autors und nicht immer die Meinung des Anbieters wieder. Mit der reinen Nutzung der Website des Anbieters kommt keinerlei Vertragsverh\u00e4ltnis zwischen dem Nutzer und dem Anbieter zustande.<\/p>\n<p>2. Externe Links<\/p>\n<\/div>\n<div>\n<p>Diese Website enth\u00e4lt Verkn\u00fcpfungen zu Websites Dritter (\u201cexterne Links\u201d). Diese Websites unterliegen der Haftung der jeweiligen Betreiber. Der Anbieter hat bei der erstmaligen Verkn\u00fcpfung der externen Links die fremden Inhalte daraufhin \u00fcberpr\u00fcft, ob etwaige Rechtsverst\u00f6\u00dfe bestehen. Zu dem Zeitpunkt waren keine Rechtsverst\u00f6\u00dfe ersichtlich. Der Anbieter hat keinerlei Einfluss auf die aktuelle und zuk\u00fcnftige Gestaltung und auf die Inhalte der verkn\u00fcpften Seiten. Das Setzen von externen Links bedeutet nicht, dass sich der Anbieter die hinter dem Verweis oder Link liegenden Inhalte zu Eigen macht. Eine st\u00e4ndige Kontrolle der externen Links ist f\u00fcr den Anbieter ohne konkrete Hinweise auf Rechtsverst\u00f6\u00dfe nicht zumutbar. Bei Kenntnis von Rechtsverst\u00f6\u00dfen werden jedoch derartige externe Links unverz\u00fcglich gel\u00f6scht.<\/p>\n<p>3. Urheber- und Leistungsschutzrechte<\/p>\n<\/div>\n<div>\n<p>Die auf dieser Website ver\u00f6ffentlichten Inhalte unterliegen dem deutschen Urheber- und Leistungsschutzrecht. Jede vom deutschen Urheber- und Leistungsschutzrecht nicht zugelassene Verwertung bedarf der vorherigen schriftlichen Zustimmung des Anbieters oder jeweiligen Rechteinhabers. Dies gilt insbesondere f\u00fcr Vervielf\u00e4ltigung, Bearbeitung, \u00dcbersetzung, Einspeicherung, Verarbeitung bzw. Wiedergabe von Inhalten in Datenbanken oder anderen elektronischen Medien und Systemen. Inhalte und Rechte Dritter sind dabei als solche gekennzeichnet. Die unerlaubte Vervielf\u00e4ltigung oder Weitergabe einzelner Inhalte oder kompletter Seiten ist nicht gestattet und strafbar. Lediglich die Herstellung von Kopien und Downloads f\u00fcr den pers\u00f6nlichen, privaten und nicht kommerziellen Gebrauch ist erlaubt.<\/p>\n<p>Die Darstellung dieser Website in fremden Frames ist nur mit schriftlicher Erlaubnis zul\u00e4ssig.<\/p>\n<\/div>\t\t\t\t\t<\/div>\n\t\t\t\t\t\t<\/div>\n\t\t\t\t<\/div>\n\t\t\t\t\t\t<\/div>\n\t\t\t\t\t<\/div>\n\t\t<\/div>\n\t\t\t\t\t\t\t\t<\/div>\n\t\t\t\t\t<\/div>\n\t\t<\/section>\n\t\t\t\t\t\t<\/div>\n\t\t\t\t\t\t<\/div>\n\t\t\t\t\t<\/div>\n\t\t","protected":false},"excerpt":{"rendered":"<p>Impressum Verantwortlich f\u00fcr den Inhalt: Alltagsentlastung24 GmbH D\u00fcsseldorfer Str. 24, 51379 Leverkusen Tel. +49 2171 3779 940 info@alltagsentlastung24.de Gesch\u00e4ftsf\u00fchrende Gesellschafter: Luigi Fornito HRB-NR: 98155, Amtsgericht K\u00f6ln Quellenangaben f\u00fcr die verwendeten Bilder und Grafiken: \u00a9&nbsp;elementor pro&nbsp;Lizensiertes Bildmaterial CCO \u00a9 Viacheslav Iakobchuk #129287391, #129288113, \u00a9 Andrey Popov #226032955, #223717601, #226035433, #226035041 \u00a9 Alfons Ven #296636889 \u00a9 Photographee.eu [&hellip;]<\/p>\n","protected":false},"author":1,"featured_media":0,"parent":0,"menu_order":0,"comment_status":"closed","ping_status":"closed","template":"elementor_header_footer","meta":[],"yoast_head":"<!-- This site is optimized with the Yoast SEO plugin v17.8 - https:\/\/yoast.com\/wordpress\/plugins\/seo\/ -->\n<title>Impressum - Alltagsentlastung ab Pflegestufe 1<\/title>\n<meta name=\"robots\" content=\"index, follow, max-snippet:-1, max-image-preview:large, max-video-preview:-1\" \/>\n<link rel=\"canonical\" href=\"http:\/\/jobs.alltagsentlastung24.de\/job\/impressum\/\" \/>\n<meta property=\"og:locale\" content=\"de_DE\" \/>\n<meta property=\"og:type\" content=\"article\" \/>\n<meta property=\"og:title\" content=\"Impressum - Alltagsentlastung ab Pflegestufe 1\" \/>\n<meta property=\"og:description\" content=\"Impressum Verantwortlich f\u00fcr den Inhalt: Alltagsentlastung24 GmbH D\u00fcsseldorfer Str. 24, 51379 Leverkusen Tel. +49 2171 3779 940 info@alltagsentlastung24.de Gesch\u00e4ftsf\u00fchrende Gesellschafter: Luigi Fornito HRB-NR: 98155, Amtsgericht K\u00f6ln Quellenangaben f\u00fcr die verwendeten Bilder und Grafiken: \u00a9&nbsp;elementor pro&nbsp;Lizensiertes Bildmaterial CCO \u00a9 Viacheslav Iakobchuk #129287391, #129288113, \u00a9 Andrey Popov #226032955, #223717601, #226035433, #226035041 \u00a9 Alfons Ven #296636889 \u00a9 Photographee.eu [&hellip;]\" \/>\n<meta property=\"og:url\" content=\"http:\/\/jobs.alltagsentlastung24.de\/job\/impressum\/\" \/>\n<meta property=\"og:site_name\" content=\"Alltagsentlastung ab Pflegestufe 1\" \/>\n<meta property=\"article:modified_time\" content=\"2021-02-16T16:47:15+00:00\" \/>\n<meta name=\"twitter:card\" content=\"summary_large_image\" \/>\n<meta name=\"twitter:label1\" content=\"Gesch\u00e4tzte Lesezeit\" \/>\n\t<meta name=\"twitter:data1\" content=\"2 Minuten\" \/>\n<script type=\"application\/ld+json\" class=\"yoast-schema-graph\">{\"@context\":\"https:\/\/schema.org\",\"@graph\":[{\"@type\":\"WebSite\",\"@id\":\"http:\/\/jobs.alltagsentlastung24.de\/job\/#website\",\"url\":\"http:\/\/jobs.alltagsentlastung24.de\/job\/\",\"name\":\"Alltagsentlastung ab Pflegestufe 1\",\"description\":\"Wir sind rund um die Uhr f\\u00fcr Sie da.\",\"potentialAction\":[{\"@type\":\"SearchAction\",\"target\":{\"@type\":\"EntryPoint\",\"urlTemplate\":\"http:\/\/jobs.alltagsentlastung24.de\/job\/?s={search_term_string}\"},\"query-input\":\"required name=search_term_string\"}],\"inLanguage\":\"de-DE\"},{\"@type\":\"WebPage\",\"@id\":\"http:\/\/jobs.alltagsentlastung24.de\/job\/impressum\/#webpage\",\"url\":\"http:\/\/jobs.alltagsentlastung24.de\/job\/impressum\/\",\"name\":\"Impressum - Alltagsentlastung ab Pflegestufe 1\",\"isPartOf\":{\"@id\":\"http:\/\/jobs.alltagsentlastung24.de\/job\/#website\"},\"datePublished\":\"2019-12-16T12:38:40+00:00\",\"dateModified\":\"2021-02-16T16:47:15+00:00\",\"breadcrumb\":{\"@id\":\"http:\/\/jobs.alltagsentlastung24.de\/job\/impressum\/#breadcrumb\"},\"inLanguage\":\"de-DE\",\"potentialAction\":[{\"@type\":\"ReadAction\",\"target\":[\"http:\/\/jobs.alltagsentlastung24.de\/job\/impressum\/\"]}]},{\"@type\":\"BreadcrumbList\",\"@id\":\"http:\/\/jobs.alltagsentlastung24.de\/job\/impressum\/#breadcrumb\",\"itemListElement\":[{\"@type\":\"ListItem\",\"position\":1,\"name\":\"Startseite\",\"item\":\"http:\/\/jobs.alltagsentlastung24.de\/job\/\"},{\"@type\":\"ListItem\",\"position\":2,\"name\":\"Impressum\"}]}]}<\/script>\n<!-- \/ Yoast SEO plugin. -->","yoast_head_json":{"title":"Impressum - Alltagsentlastung ab Pflegestufe 1","robots":{"index":"index","follow":"follow","max-snippet":"max-snippet:-1","max-image-preview":"max-image-preview:large","max-video-preview":"max-video-preview:-1"},"canonical":"http:\/\/jobs.alltagsentlastung24.de\/job\/impressum\/","og_locale":"de_DE","og_type":"article","og_title":"Impressum - Alltagsentlastung ab Pflegestufe 1","og_description":"Impressum Verantwortlich f\u00fcr den Inhalt: Alltagsentlastung24 GmbH D\u00fcsseldorfer Str. 24, 51379 Leverkusen Tel. +49 2171 3779 940 info@alltagsentlastung24.de Gesch\u00e4ftsf\u00fchrende Gesellschafter: Luigi Fornito HRB-NR: 98155, Amtsgericht K\u00f6ln Quellenangaben f\u00fcr die verwendeten Bilder und Grafiken: \u00a9&nbsp;elementor pro&nbsp;Lizensiertes Bildmaterial CCO \u00a9 Viacheslav Iakobchuk #129287391, #129288113, \u00a9 Andrey Popov #226032955, #223717601, #226035433, #226035041 \u00a9 Alfons Ven #296636889 \u00a9 Photographee.eu [&hellip;]","og_url":"http:\/\/jobs.alltagsentlastung24.de\/job\/impressum\/","og_site_name":"Alltagsentlastung ab Pflegestufe 1","article_modified_time":"2021-02-16T16:47:15+00:00","twitter_card":"summary_large_image","twitter_misc":{"Gesch\u00e4tzte Lesezeit":"2 Minuten"},"schema":{"@context":"https:\/\/schema.org","@graph":[{"@type":"WebSite","@id":"http:\/\/jobs.alltagsentlastung24.de\/job\/#website","url":"http:\/\/jobs.alltagsentlastung24.de\/job\/","name":"Alltagsentlastung ab Pflegestufe 1","description":"Wir sind rund um die Uhr f\u00fcr Sie da.","potentialAction":[{"@type":"SearchAction","target":{"@type":"EntryPoint","urlTemplate":"http:\/\/jobs.alltagsentlastung24.de\/job\/?s={search_term_string}"},"query-input":"required name=search_term_string"}],"inLanguage":"de-DE"},{"@type":"WebPage","@id":"http:\/\/jobs.alltagsentlastung24.de\/job\/impressum\/#webpage","url":"http:\/\/jobs.alltagsentlastung24.de\/job\/impressum\/","name":"Impressum - Alltagsentlastung ab Pflegestufe 1","isPartOf":{"@id":"http:\/\/jobs.alltagsentlastung24.de\/job\/#website"},"datePublished":"2019-12-16T12:38:40+00:00","dateModified":"2021-02-16T16:47:15+00:00","breadcrumb":{"@id":"http:\/\/jobs.alltagsentlastung24.de\/job\/impressum\/#breadcrumb"},"inLanguage":"de-DE","potentialAction":[{"@type":"ReadAction","target":["http:\/\/jobs.alltagsentlastung24.de\/job\/impressum\/"]}]},{"@type":"BreadcrumbList","@id":"http:\/\/jobs.alltagsentlastung24.de\/job\/impressum\/#breadcrumb","itemListElement":[{"@type":"ListItem","position":1,"name":"Startseite","item":"http:\/\/jobs.alltagsentlastung24.de\/job\/"},{"@type":"ListItem","position":2,"name":"Impressum"}]}]}},"_links":{"self":[{"href":"http:\/\/jobs.alltagsentlastung24.de\/job\/wp-json\/wp\/v2\/pages\/605"}],"collection":[{"href":"http:\/\/jobs.alltagsentlastung24.de\/job\/wp-json\/wp\/v2\/pages"}],"about":[{"href":"http:\/\/jobs.alltagsentlastung24.de\/job\/wp-json\/wp\/v2\/types\/page"}],"author":[{"embeddable":true,"href":"http:\/\/jobs.alltagsentlastung24.de\/job\/wp-json\/wp\/v2\/users\/1"}],"replies":[{"embeddable":true,"href":"http:\/\/jobs.alltagsentlastung24.de\/job\/wp-json\/wp\/v2\/comments?post=605"}],"version-history":[{"count":18,"href":"http:\/\/jobs.alltagsentlastung24.de\/job\/wp-json\/wp\/v2\/pages\/605\/revisions"}],"predecessor-version":[{"id":1151,"href":"http:\/\/jobs.alltagsentlastung24.de\/job\/wp-json\/wp\/v2\/pages\/605\/revisions\/1151"}],"wp:attachment":[{"href":"http:\/\/jobs.alltagsentlastung24.de\/job\/wp-json\/wp\/v2\/media?parent=605"}],"curies":[{"name":"wp","href":"https:\/\/api.w.org\/{rel}","templated":true}]}}